 1560?
390
Calculate the greatest common divisor of 546 and 43932.
42
What is the highest common factor of 855 and 245005?
95
Calculate the highest common divisor of 1115016 and 3.
3
Calculate the highest common divisor of 4026 and 49566.
66
What is the highest common factor of 28 and 197904?
28
Calculate the greatest common factor of 40278 and 294.
294
Calculate the greatest common factor of 2470840 and 1385.
1385
What is the greatest common factor of 265 and 534876?
53
Calculate the highest common divisor of 12415 and 130.
65
Calculate the greatest common divisor of 278438 and 736.
46
What is the highest common factor of 304092 and 2?
2
Calculate the greatest common factor of 3596 and 33988.
116
What is the greatest common divisor of 424 and 4568?
8
What is the greatest common factor of 72697 and 191941?
523
Calculate the greatest common divisor of 367602 and 1866.
1866
What is the highest common divisor of 36200 and 2200?
200
Calculate the highest common divisor of 128 and 479456.
32
What is the greatest common divisor of 44 and 11627?
11
What is the greatest common factor of 68895 and 45?
45
What is the greatest common divisor of 316 and 49612?
316
Calculate the highest common divisor of 17112 and 868.
124
What is the greatest common factor of 34 and 22?
2
What is the greatest common factor of 20 and 30890?
10
What is the highest common divisor of 6 and 1405974?
6
Calculate the highest common factor of 31320 and 55332.
1044
What is the greatest common factor of 102 and 754035?
51
What is the highest common divisor of 74244 and 8832?
276
What is the highest common divisor of 148 and 6381316?
148
What is the highest common divisor of 45136 and 4774?
434
Calculate the greatest common divisor of 20 and 2601380.
20
What is the highest common divisor of 5808 and 275?
11
What is the highest common divisor of 3150 and 2775?
75
What is the highest common divisor of 352 and 178618?
22
What is the highest common divisor of 4535 and 155?
5
Calculate the highest common factor of 323 and 1326.
17
What is the greatest common factor of 60 and 113370?
30
What is the highest common divisor of 572 and 107679?
143
What is the greatest common factor of 352 and 6908?
44
Calculate the highest common factor of 15741 and 183249.
297
Calculate the greatest common factor of 2702 and 17908856.
2702
What is the highest common divisor of 8 and 25836?
4
What is the highest common factor of 495641 and 356?
89
Calculate the greatest common factor of 276 and 20204.
4
What is the greatest common factor of 24 and 3329292?
12
What is the highest common divisor of 1281479 and 426?
71
What is the greatest common divisor of 266130 and 30?
30
What is the highest common divisor of 19 and 592192?
19
What is the highest common divisor of 8007 and 561?
51
Calculate the highest common factor of 1182 and 1745223.
591
What is the greatest common divisor of 126248 and 43?
43
What is the highest common divisor of 198 and 223542?
198
What is the highest common divisor of 106118 and 100648?
1094
Calculate the highest common divisor of 66332 and 1150.
46
What is the highest common divisor of 7745 and 65?
5
What is the highest common factor of 7070 and 1330?
70
Calculate the highest common factor of 691841 and 1.
1
Calculate the greatest common divisor of 39 and 1671.
3
What is the highest common divisor of 37 and 31561?
37
What is the highest common divisor of 7 and 62741?
7
What is the highest common factor of 16632 and 224?
56
Calculate the highest common divisor of 102975 and 165.
15
What is the highest common factor of 171736 and 16?
8
Calculate the highest common divisor of 10103913 and 27.
27
Calculate the greatest common factor of 311 and 15847627.
311
What is the highest common divisor of 1875775 and 285?
95
What is the highest common factor of 331506 and 378?
378
What is the highest common factor of 5484 and 444?
12
What is the greatest common factor of 4736 and 818736?
592
Calculate the highest common factor of 15407 and 93.
31
What is the greatest common divisor of 154217 and 49?
7
Calculate the highest common divisor of 14963 and 377.
13
Calculate the highest common divisor of 108882 and 8073.
207
What is the highest common divisor of 149 and 194594?
149
Calculate the greatest common factor of 2755 and 2465.
145
Calculate the greatest common divisor of 36597 and 2013.
33
Calculate the greatest common divisor of 627 and 8360.
209
What is the greatest common factor of 144 and 63?
9
What is the highest common divisor of 300 and 4668?
12
Calculate the highest common factor of 24 and 3243.
3
Calculate the greatest common factor of 7455 and 3266.
71
What is the greatest common factor of 20 and 41156?
4
What is the highest common divisor of 274 and 5214494?
274
Calculate the greatest common factor of 2794 and 2486.
22
What is the highest common divisor of 251 and 8358551?
251
What is the highest common factor of 40434 and 2898?
138
What is the highest common divisor of 40 and 302920?
40
Calculate the highest common factor of 390298 and 38.
38
Calculate the greatest common factor of 457422 and 126.
42
Calculate the highest common factor of 1839642 and 84.
42
Calculate the highest common factor of 28 and 65996.
28
What is the highest common factor of 70746 and 1482?
78
Calculate the highest common factor of 51168 and 369.
123
What is the greatest common divisor of 18 and 411678?
18
What is the greatest common factor of 14 and 4271106?
14
What is the highest common factor of 16 and 65752?
8
Calculate the highest common factor of 18 and 73686.
6
Calculate the highest common divisor of 564 and 36.
12
What is the highest common factor of 6 and 640506?
6
What is the greatest common factor of 10437 and 44835?
147
Calculate the highest common factor of 118036 and 92.
92
What is the highest common factor of 194192 and 6572?
212
What is the greatest common divisor of 312 and 418808?
104
What is the highest common factor of 248363 and 10517?
809
What is the greatest common divisor of 2899 and 1846?
13
What is the highest common factor of 54 and 23193?
27
Calculate the greatest common divisor of 48 and 135396.
12
Calculate the highest common divisor of 4780 and 1680.
20
What is the greatest common divisor of 13461886 and 202?
202
Calculate the greatest common divisor of 2737 and 54579.
161
What is the greatest common factor of 120 and 26360?
40
Calculate the highest common divisor of 1542060 and 36.
36
What is the highest common divisor of 28 and 5138?
14
Calculate the highest common factor of 114 and 7506.
6
What is the greatest common divisor of 651 and 2006599?
217
What is the highest common divisor of 252 and 5848668?
252
Calculate the greatest common divisor of 40434 and 414.
138
Calculate the greatest common divisor of 1015 and 94685.
145
Calculate the greatest common factor of 52666 and 510.
34
What is the greatest common factor of 20 and 1382180?
20
What is the greatest common divisor of 59683 and 793?
13
Calculate the highest common factor of 12575 and 625.
25
What is the highest common factor of 732 and 132?
12
What is the greatest common divisor of 338 and 1628653?
169
What is the highest common factor of 116 and 829661?
29
What is the highest common factor of 7849 and 94?
47
Calculate the highest common divisor of 14455 and 1239.
413
What is the greatest common factor of 56947 and 68200?
341
Calculate the greatest common factor of 612 and 3204.
36
Calculate the greatest common factor of 18104 and 632.
8
Calculate the highest common factor of 2684 and 14884.
244
Calculate the highest common factor of 3730 and 1830.
10
What is the highest common factor of 56 and 222922?
14
Calculate the greatest common factor of 814017 and 3.
3
What is the greatest common factor of 17750 and 16750?
250
Calculate the highest common divisor of 17 and 3022.
1
What is the greatest common factor of 5474035 and 49?
49
Calculate the highest common factor of 18 and 870246.
18
Calculate the greatest common divisor of 67468 and 1818.
202
What is the highest common factor of 126207 and 18?
9
What is the highest common factor of 276098 and 508?
254
Calculate the highest common factor of 1184 and 668.
4
What is the highest common divisor of 61624 and 8?
8
What is the highest common divisor of 961 and 2263?
31
What